{"id":33,"date":"2022-01-28T23:23:53","date_gmt":"2022-01-28T23:23:53","guid":{"rendered":"https:\/\/fritz-it.com\/?page_id=33"},"modified":"2022-01-28T23:59:36","modified_gmt":"2022-01-28T23:59:36","slug":"impressum-datenschutz","status":"publish","type":"page","link":"https:\/\/fritz-it.com\/?page_id=33","title":{"rendered":"Impressum"},"content":{"rendered":"\n<p><strong>Wir sind f\u00fcr Sie da!<br><br>Wenn Sie Fragen an uns oder Probleme haben, k\u00f6nnen sie selbstverst\u00e4ndlich \u00fcber unsere Service-Hotline jederzeit mit uns in Kontakt treten. Wir helfen Ihnen gerne weiter:<br><br>Sie erreichen uns unter: 09127 \/ 577201 oder 0177 \/ 7546889<br><br>\u00dcber ein Feedback freuen wir uns ebenso. Kritik und Anregungen zu unserer Internetseite und zu unserer Arbeitsweise sind uns jederzeit willkommen. Hierf\u00fcr k\u00f6nnen Sie gerne folgende Mailadresse verwenden:&nbsp;<a href=\"javascript:x5engine.utils.emailTo('34334','com-it.itz@frinfo','Kontakt%2520von%2520Fritz-IT.com','')\">info@fritz-it.com<\/a><br><\/strong><\/p>\n\n\n\n<p><strong>Kontakt<\/strong><strong><\/strong><\/p>\n\n\n\n<p><strong>Alexander Fritz IT-Dienstleistungen<br><br>Telefon: 09127 \/ 577201<br>Fax: 09127 \/ 577204<br>E-Mail:&nbsp;<\/strong><strong><a href=\"javascript:x5engine.utils.emailTo('131222411','m.cot-itzrifo@fni','E-Mail%2520aus%2520Fritz-IT.com','')\">info@fritz-it.com<\/a><br>Inhaber: Alexander Fritz<br>Firmensitz: Meisenweg 11 &#8211; 90614 Ammerndorf<br>Umsatzsteuer-Identifikationsnummer: DE216827876<br><br>Inhaltlich verantwortlich: Alexander Fritz<\/strong><\/p>\n\n\n\n<p><\/p>\n","protected":false},"excerpt":{"rendered":"<p>Wir sind f\u00fcr Sie da! Wenn Sie Fragen an uns oder Probleme haben, k\u00f6nnen sie selbstverst\u00e4ndlich \u00fcber unsere Service-Hotline jederzeit mit uns in Kontakt treten. Wir helfen Ihnen gerne weiter: &hellip; <a href=\"https:\/\/fritz-it.com\/?page_id=33\" class=\"more-link\"><span class=\"screen-reader-text\">\u201eImpressum\u201c <\/span>weiterlesen<\/a><\/p>\n","protected":false},"author":1,"featured_media":0,"parent":0,"menu_order":0,"comment_status":"closed","ping_status":"closed","template":"","meta":{"footnotes":""},"class_list":["post-33","page","type-page","status-publish","hentry"],"_links":{"self":[{"href":"https:\/\/fritz-it.com\/index.php?rest_route=\/wp\/v2\/pages\/33","targetHints":{"allow":["GET"]}}],"collection":[{"href":"https:\/\/fritz-it.com\/index.php?rest_route=\/wp\/v2\/pages"}],"about":[{"href":"https:\/\/fritz-it.com\/index.php?rest_route=\/wp\/v2\/types\/page"}],"author":[{"embeddable":true,"href":"https:\/\/fritz-it.com\/index.php?rest_route=\/wp\/v2\/users\/1"}],"replies":[{"embeddable":true,"href":"https:\/\/fritz-it.com\/index.php?rest_route=%2Fwp%2Fv2%2Fcomments&post=33"}],"version-history":[{"count":6,"href":"https:\/\/fritz-it.com\/index.php?rest_route=\/wp\/v2\/pages\/33\/revisions"}],"predecessor-version":[{"id":71,"href":"https:\/\/fritz-it.com\/index.php?rest_route=\/wp\/v2\/pages\/33\/revisions\/71"}],"wp:attachment":[{"href":"https:\/\/fritz-it.com\/index.php?rest_route=%2Fwp%2Fv2%2Fmedia&parent=33"}],"curies":[{"name":"wp","href":"https:\/\/api.w.org\/{rel}","templated":true}]}}