{"id":111,"date":"2022-01-29T00:57:54","date_gmt":"2022-01-29T00:57:54","guid":{"rendered":"https:\/\/fritz-it.com\/?page_id=111"},"modified":"2022-01-29T02:00:52","modified_gmt":"2022-01-29T02:00:52","slug":"beratung","status":"publish","type":"page","link":"https:\/\/fritz-it.com\/?page_id=111","title":{"rendered":"Beratung"},"content":{"rendered":"\n<p><strong>Investitionen in EDV-Technik verursachen hohe Kosten f\u00fcr Hard- und Software. Mit Recht erwarten Sie, dass sich diese Anfangsinvestitionen durch sp\u00e4tere Kosteneinsparungen schnell amortisieren.<br><br>Wir, sind ein unabh\u00e4ngiges Beratungsunternehmen f\u00fcr EDV Dienstleistungen. Von unserem Hauptsitz in Ammerndorf bei N\u00fcrnberg Kunden im gesamten mittelfr\u00e4nkischen Raum. <br><br>Wir verf\u00fcgen nicht nur \u00fcber technisches, sondern auch \u00fcber organisatorisches und betriebswirtschaftliches Know-how und langj\u00e4hrige Erfahrung bei der Beratung in den unterschiedlichsten Branchen.<br><br>Unser Beratungsangebot umfasst folgende Punkte:<\/strong><\/p>\n\n\n\n<ul class=\"wp-block-list\"><li><strong>Analyse der Organisationsstruktur und der Arbeitsabl\u00e4ufe,<\/strong><\/li><li><strong>Erstellung eines Konzepts, wie Aufbau- und Ablauforganisation optimal mit Hilfe der EDV unterst\u00fctzt werden k\u00f6nnen,<\/strong><\/li><li><strong>Erstellung des Pflichtenhefts und der notwendigen Ausschreibungen,<\/strong><\/li><li><strong>Bewertung der Angebote,<\/strong><\/li><li><strong>\u00dcberwachung der Lieferung und<\/strong><\/li><li><strong>Abnahme der gelieferten Waren und Anlagen<\/strong><\/li><\/ul>\n\n\n\n<p><strong><br>Nehmen Sie Kontakt zu uns auf! Jederzeit per E-Mail info@fritz-it.com oder<br>telefonisch unter der Rufnummer 09127 \/ 577201<\/strong><\/p>\n","protected":false},"excerpt":{"rendered":"<p>Investitionen in EDV-Technik verursachen hohe Kosten f\u00fcr Hard- und Software. Mit Recht erwarten Sie, dass sich diese Anfangsinvestitionen durch sp\u00e4tere Kosteneinsparungen schnell amortisieren. Wir, sind ein unabh\u00e4ngiges Beratungsunternehmen f\u00fcr EDV &hellip; <a href=\"https:\/\/fritz-it.com\/?page_id=111\" class=\"more-link\"><span class=\"screen-reader-text\">\u201eBeratung\u201c <\/span>weiterlesen<\/a><\/p>\n","protected":false},"author":1,"featured_media":0,"parent":0,"menu_order":0,"comment_status":"closed","ping_status":"closed","template":"","meta":{"footnotes":""},"class_list":["post-111","page","type-page","status-publish","hentry"],"_links":{"self":[{"href":"https:\/\/fritz-it.com\/index.php?rest_route=\/wp\/v2\/pages\/111","targetHints":{"allow":["GET"]}}],"collection":[{"href":"https:\/\/fritz-it.com\/index.php?rest_route=\/wp\/v2\/pages"}],"about":[{"href":"https:\/\/fritz-it.com\/index.php?rest_route=\/wp\/v2\/types\/page"}],"author":[{"embeddable":true,"href":"https:\/\/fritz-it.com\/index.php?rest_route=\/wp\/v2\/users\/1"}],"replies":[{"embeddable":true,"href":"https:\/\/fritz-it.com\/index.php?rest_route=%2Fwp%2Fv2%2Fcomments&post=111"}],"version-history":[{"count":6,"href":"https:\/\/fritz-it.com\/index.php?rest_route=\/wp\/v2\/pages\/111\/revisions"}],"predecessor-version":[{"id":135,"href":"https:\/\/fritz-it.com\/index.php?rest_route=\/wp\/v2\/pages\/111\/revisions\/135"}],"wp:attachment":[{"href":"https:\/\/fritz-it.com\/index.php?rest_route=%2Fwp%2Fv2%2Fmedia&parent=111"}],"curies":[{"name":"wp","href":"https:\/\/api.w.org\/{rel}","templated":true}]}}